 Let d be n + 2/1 - -2. What is t(d)?
-4
Let i(o) = 3 - o + 0 + 0. What is i(-5)?
8
Let n(s) = 8*s**2 + 18*s. Let i(x) = -5*x**2 - 10*x. Let w(o) = -5*i(o) - 3*n(o). Suppose 10 = 4*b - 2*b. Determine w(b).
5
Suppose 5*g + v - 6*v + 135 = 0, -4*g = -5*v + 110. Let a = g + 31. Let s(f) = -f + 3. Determine s(a).
-3
Let v(z) = z**2 - 4*z + 3. Let o be v(2). Let s be 15/(-9)*(o + -2). Let c(p) = -p**2 + 5*p + 6. Determine c(s).
6
Let a(w) be the first derivative of w**2/2 + 11*w + 3. Let p = -9 - -4. Determine a(p).
6
Let q(v) = -v - v + v - 2. Let g be 12/8*(2 - -2). Calculate q(g).
-8
Let b(o) be the second derivative of -o**4/6 + o**3/6 - 9*o - 9. Suppose 5*k - 3*k = -2*s + 2, 0 = 5*k - 3*s - 13. Determine b(k).
-6
Let y(u) = -u**3 - 3*u**2 + 1. Let z be y(-3). Let l(d) = -12*d + 1. Determine l(z).
-11
Let p = -1 - -1. Suppose 3*h - 15 = 0, -h - h + 8 = -2*j. Let s = p - j. Let r(o) = -8*o**3 + 2*o + 1. Determine r(s).
7
Let r(y) = -y + 2. Let d be (-2)/13 + (-4)/(-26). Let t be r(d). Let s(h) = -h**2 + 8*h - 2. Let z(o) = -o**2 + 7*o - 2. Let l(a) = -4*s(a) + 5*z(a). Give l(t).
0
Let q(w) be the third derivative of w**6/90 + w**5/60 - w**4/24 - w**3/2 + 2*w**2. Let j(s) be the first derivative of q(s). Calculate j(1).
5
Suppose -45 = -3*x - 0*x. Suppose -t = -4*t + x. Let p(j) = -j**2 + 5*j + 6. Determine p(t).
6
Suppose -3*v + 16 = 4*b - 7, b = -5*v + 27. Let u(r) = r**3 - 2*r**b - r**2 + 1 - 2*r**2 + r. Determine u(5).
6
Suppose -3*o = -n + 14, 2*n + 4*o + 22 = -0*n. Suppose 0*v - 22 = -v - 4*u, u - 5 = 0. Let f(t) = -2*t**2 + 4*t**3 - 2*t**v + 3*t**2. Calculate f(n).
-5
Let n = -11 + 12. Let k(j) = -11*j**2 + j + 2. Let l(c) = c + 1. Let p(a) = k(a) - l(a). Give p(n).
-10
Let p(h) = 2*h**3 - 4*h**2 + 2*h + 1. Suppose 5*d = 5*i - 70, 3*d + 25 = 5*i - 37. Let o(c) = c**2 - 9*c - 2. Let t be o(i). Suppose -3*b + t = b. What is p(b)?
5
Let y(z) = z**3 + 9*z**2 + 7*z - 4. Let j be y(-8). Let l(h) = -j*h**2 - 6*h + 2*h**2 + 1 + h**2. Give l(-5).
6
Let q(d) = -d**3 + 7*d**2 - 5*d - 5. Let p(i) = -2*i - 2. Let r be p(-4). What is q(r)?
1
Let y(k) be the third derivative of k**4/12 + k**3/3 + 2*k**2. What is y(-2)?
-2
Let y(p) = -2*p**2 - 3*p - 1. Let h(n) = 3*n**2 + 4*n. Let f(x) = -3*h(x) - 4*y(x). Let j = 6 + -10. Determine f(j).
-12
Let s(j) = -6*j - 4. Let i(c) = 3*c + 2. Let y(z) = 5*i(z) + 3*s(z). Let h = 12 - 15. Calculate y(h).
7
Let t(m) = m**3 + 6. Let i be t(0). Let w be (-2)/3 + i/9. Let b(x) = x**2 + x. Determine b(w).
0
Let j(h) = -3 + 5 + 6*h + 0 - 4*h. Determine j(-2).
-2
Let g(x) = x**2 + 26*x + 50. Let b be g(-24). Let r(p) = 17*p**3 + 1. Let y be r(1). Suppose -b*v = -5*v - y. Let i(n) = n**2 + 4*n - 8. Give i(v).
4
Let m = -8 + 11. Suppose -m*i = -6 + 15. Let p(a) = a + 3. Calculate p(i).
0
Let g(z) = -z**3 - 2*z**2 + 3*z - 1. Suppose 0 = 7*h - 11*h - 12. Determine g(h).
-1
Let i be 10*(6/5)/2. Let a(m) = m**2 - 6*m - 5. Let u be a(i). Let h(s) = -s**2 - 5*s - 5. Determine h(u).
-5
Let x = 328/3 + -109. Let t(q) be the second derivative of -x*q**3 + 4*q + 0 - 5/2*q**2. What is t(-4)?
3
Let l(m) = 11*m + 6. Let v(i) = -6*i - 4 + 0*i - i. Let h = 45 - 37. Let t(k) = h*v(k) + 5*l(k). Determine t(-5).
3
Let a(c) = c**2 - 4*c - 4. Let x be 0 + 0 - 12/(-6). Suppose -4*u + 0*r - x*r = -12, 0 = -u - r + 1. Give a(u).
1
Suppose 0*n + 4*b + 4 = 4*n, -2*b - 11 = -5*n. Let k(c) = c**2 - 3*c + 3. Calculate k(n).
3
Suppose 6*y - 6 = 4*y. Suppose y*p = p + 8. Let s(u) be the third derivative of u**5/60 - u**4/24 - 5*u**3/6 + u**2. Calculate s(p).
7
Let x be 1 - 0 - (-4 + 2). Let k = 10 + -7. Let f(z) = 1 - 2 + k*z + 0*z + 0*z. What is f(x)?
8
Let q(l) = 8*l**3 - l**2 + l - 1. Let p(d) = -d**2 - d + 1. Let i be p(-1). Suppose 4*b = 2*o + 10, 2*o - 2*b + i = -3*o. Give q(o).
7
Let r(i) = -26*i - 11 - i**2 + 58*i - 33*i. Determine r(0).
-11
Suppose -2*n = -5 + 1. Let i(v) = v + v**n + 2 + 2 + 2*v. What is i(-3)?
4
Let c(y) = y**2 + 9*y - 10. Suppose -7*q - 51 = 19. Give c(q).
0
Let b = 17 + -7. Let n(p) = b - p + 6 - 6. Determine n(5).
5
Let z be (4/(-2))/(3 + -2). Let h(n) be the first derivative of -n**3 - 3*n**2/2 + 2. Give h(z).
-6
Let c be 4 + -4 + 4 + -1. Let q(v) = v + 1 + v**3 - 5 - 2*v**c - 6. Calculate q(0).
-10
Let s be (-162)/39 - 6/(-39). Let y(a) = a**2 + a - 3. Determine y(s).
9
Let r = 8 - 3. Suppose 0 = r*d - 3*d - 10. Let g(y) = 3*y - 7. Determine g(d).
8
Let j(r) = r + 1. Let l be -1 + (-2)/(-6)*3. Suppose l = 5*a + 28 + 37. Let h = 8 + a. What is j(h)?
-4
Let l(v) = -2*v - 7. Let o(i) = i - 5. Let c be o(0). Let p be (-182)/35 - 1/c. Give l(p).
3
Let m(y) = -y**3 + 4*y**2 + 1. Let s be 0 - (0 - (-1 - -1)). Suppose 0 = 3*z - s*t + 3*t - 18, 4*t = 8. Calculate m(z).
1
Let z(q) = q + 6. Suppose -t = 2*f + 10, f + t = -2*f - 16. Let p be 16/(-12)*f/(-2). Calculate z(p).
2
Let x(q) = q**3 + 5*q**2 - 2*q - 3. Suppose 5*n - 4*i = -120, -3*n + 2*i - 88 + 18 = 0. Let p be (n/8)/(2/4). Calculate x(p).
7
Let a be 1 + 1 + 1/1. Let u(z) = -z**a - 2*z**2 + 2*z**2. Suppose m + 3 = 3*f, f = -2*f + 3. Determine u(m).
0
Let w be 2 - 0 - (-1 - 0). Let d(v) = v + v**3 + w + 2 - 6. Give d(1).
1
Let k(c) = -c + 2 - 4*c + 8*c. Let d be (-2)/10 - (-87)/(-15). Let m = -4 - d. Give k(m).
8
Let j(i) = 4*i. Let b(r) = -2*r. Let t(f) = 5*b(f) + 2*j(f). What is t(-4)?
8
Let p(k) = 5*k**2. Let o = -10 - -13. Suppose -4*i = 4*s + 8 + 32, 4*i = -o*s - 39. Let l be 15/i + 6/9. What is p(l)?
5
Let i(t) = 2*t + 1. Let m be (-7)/(-5) - 14/(-35)*-1. Give i(m).
3
Suppose 3*l = 3, b + 2*b - 1 = -4*l. Let x(r) = -5*r + 3*r + 3*r**2 + 3*r - 4*r**2. Calculate x(b).
-2
Let o(h) be the second derivative of -1/15*h**5 + 2*h + 5/24*h**4 - h**2 + 0 + 1/120*h**6 - 1/3*h**3. Let v(j) be the first derivative of o(j). Give v(3).
4
Let x = -7 - -10. Suppose x*y = 6*y + 2*q - 2, 4*y + 4*q + 4 = 0. Let h(r) be the first derivative of r**4/4 - 4*r**3/3 + r**2/2 - 15. Determine h(y).
4
Let l(f) = 2*f**3 + 2*f**2 - 2*f - 2. Suppose u + 0*u + 5*b - 8 = 0, 5*b = 10. Determine l(u).
-6
Let p(j) = j**3 + j**2 + 8*j**3 + 3*j**3. Let l(z) = -z - 1. Let r be l(0). Calculate p(r).
-11
Let d(a) = 0 - 6 - a**2 - 13*a - 4*a**2 - a**3 + 11*a. Calculate d(-5).
4
Let j(o) be the third derivative of -o**5/20 - o**4/12 - o**3/6 + o**2. Suppose -b - 5 = 0, 0*q - 2*q = -2*b - 8. Determine j(q).
-2
Let d(w) = w**3 - w**2 + w + 1. Let y(r) = 4 - 4*r + 9*r - 11*r**2 + 2*r + 4*r + 7*r**3. Let n be -1 + -1 + -2 + -2. Let z(h) = n*d(h) + y(h). Determine z(3).
-5
Let n(v) = v - 1. Suppose -2*l = 4*l. Calculate n(l).
-1
Let j(l) = l**2 + 5*l. Suppose -6 - 12 = 3*q. What is j(q)?
6
Let c(b) = -b + 5 + 7*b - b**2 - b**2. Calculate c(5).
-15
Let w = -7 - -4. Let m(f) = -f**3 - 4*f**2 - 2*f - 3. What is m(w)?
-6
Let w(s) = 3*s**2 - 15*s**2 + 21 - 5 - s**2 + 8*s. Let t(z) = 4*z**2 - 3*z - 5. Let k(r) = -7*t(r) - 2*w(r). Suppose 5*b - 12 = 8. What is k(b)?
-9
Let o = -8 + 8. Let f(n) = 3*n**2 + 2 - 3 + o*n + 2*n + 0. What is f(1)?
4
Let y = -21 + 15. Let t be ((-9)/y)/3*22. Suppose 0 = -2*l - t + 1. Let h(n) = n**2 + 4*n - 3. Determine h(l).
2
Let m(y) = 1. Let v(l) = 2*l - 4. Let d(w) = 5*m(w) - v(w). Let p(h) = 2*h - 8. Let r(a) = 3*d(a) + 4*p(a). Determine r(6).
7
Suppose 69*w = 65*w - 48. Let q(d) = d + 19. Determine q(w).
7
Suppose 3*k = -0 + 9. Let h(d) = -3*d + d + 3*d - d**k. Determine h(2).
-6
Let q(h) be the third derivative of 0 + 1/120*h**6 + 1/15*h**5 + 4*h**2 - 1/6*h**3 - 1/12*h**4 + 0*h. Calculate q(-5).
-16
Let u = 1 - -1. Let k be (u/(-6))/(7/21). Let j(x) = -2*x. Determine j(k).
2
Let c(s) = -5*s + 17*s - 3*s + s**2 - 5. Calculate c(-9).
-5
Let f(q) = 2*q**3 + 21*q**2 + 3*q + 4. Let a(u) = -u**3 - 10*u**2 - 2*u - 2. Let j(h) = -7*a(h) - 3*f(h). What is j(-6)?
8
Let j(g) = 6*g - 2. Let i(x) = 3*x - 1. Let u(k) = 9*i(k) - 4*j(k). Give u(3).
8
Let w(t) be the first derivative of -t**4/4 + t**2/2 - 1. What is w(-1)?
0
Let v(d) = d**3 + 4*d**2 + 2*d - 2. Let f(g) = -g**2 - g - 1. Let q be f(-2). Let n = q - 1. Give v(n).
-10
Let i(c) = -3*c**3 + 2*c**2 + c + 2. Let x(n) = -n**3 + 2*n**2 + 2*n - 2. Let z be x(2). Suppose 10*k + z = 11*k. Give i(k).
-12
Let q(s) = s**3 - s**2 - 3*s - 1. Suppose 3*p - 43 = -4*t, 5 = -p + 4*t - 2. Let m(k) = k**2 - 8*k - 6. Let n be m(p). What is q(n)?
8
Let d(o) = o**